 80387834 composite?
True
Is 4258207 a prime number?
False
Is 7690831 a composite number?
False
Is 212380277 prime?
False
Is 46099369 a prime number?
True
Is 744175403 prime?
True
Is 5691869 prime?
True
Is 14151541 prime?
True
Is 5266 a prime number?
False
Is 14505857 composite?
False
Is 33047557 a prime number?
True
Is 43502353 a composite number?
True
Is 55213359 a composite number?
True
Is 5411863 composite?
False
Is 22540319 composite?
False
Is 12076717 a prime number?
True
Is 68729461 composite?
True
Is 4626509 prime?
False
Is 57852383 prime?
False
Is 245236163 composite?
False
Is 40320433 a composite number?
True
Is 112986805 a composite number?
True
Is 2284809 a composite number?
True
Is 265486873 composite?
False
Is 110418889 composite?
True
Is 50396165 prime?
False
Is 11699689 a composite number?
True
Is 1430063 composite?
False
Is 194122189 composite?
False
Is 27867218 a prime number?
False
Is 33307 a composite number?
True
Is 4995223 composite?
True
Is 1744657 prime?
True
Is 5922793 a composite number?
False
Is 552397 a composite number?
False
Is 14266559 a composite number?
False
Is 111201277 a prime number?
False
Is 508811 prime?
True
Is 15018869 composite?
False
Is 192081614 composite?
True
Is 39353117 prime?
True
Is 9210601 a prime number?
False
Is 374929 a prime number?
True
Is 1410397 a prime number?
True
Is 74357321 composite?
True
Is 512658311 composite?
True
Is 159058135 composite?
True
Is 2876717 composite?
False
Is 114055817 prime?
False
Is 64128133 prime?
True
Is 37425253 a composite number?
True
Is 1481153 a composite number?
False
Is 23240471 composite?
False
Is 1353491 composite?
True
Is 5087501 prime?
True
Is 5550529 prime?
True
Is 58430147 a composite number?
True
Is 1888246 a prime number?
False
Is 12610777 composite?
False
Is 141299 composite?
True
Is 2521807 a composite number?
False
Is 18025099 composite?
False
Is 173577421 prime?
False
Is 84169243 prime?
True
Is 54148471 prime?
False
Is 44505271 a composite number?
True
Is 945493 a composite number?
True
Is 3456703 a composite number?
False
Is 6163739 prime?
True
Is 9606043 a composite number?
False
Is 2364387 a composite number?
True
Is 24243521 prime?
True
Is 4618319 a composite number?
False
Is 34566893 prime?
True
Is 18382343 prime?
False
Is 39259811 a prime number?
False
Is 204442097 a composite number?
False
Is 8502913 a prime number?
True
Is 96793 prime?
False
Is 636403 a composite number?
False
Is 879827 prime?
False
Is 67504709 composite?
False
Is 11571613 a prime number?
True
Is 2733931 composite?
False
Is 355841 a composite number?
False
Is 239771167 prime?
True
Is 3588061 a composite number?
False
Is 77877311 composite?
False
Is 1530897 prime?
False
Is 13744933 composite?
True
Is 11616421 composite?
False
Is 1259317 a composite number?
False
Is 735677 a prime number?
False
Is 221577913 prime?
False
Is 3646183 a composite number?
False
Is 12631 a prime number?
False
Is 13264409 composite?
False
Is 57333806 a composite number?
True
Is 1940399 a prime number?
True
Is 59071717 composite?
True
Is 278803963 a composite number?
False
Is 297840959 composite?
True
Is 221094053 a composite number?
True
Is 16709429 a prime number?
False
Is 1376773 a prime number?
True
Is 1126513 prime?
True
Is 2788619 prime?
True
Is 72938491 prime?
False
Is 359892487 a composite number?
False
Is 1785089 composite?
True
Is 14856703 a prime number?
True
Is 10977143 a prime number?
False
Is 13706673 composite?
True
Is 128690607 composite?
True
Is 1663663 prime?
False
Is 71770547 prime?
True
Is 157711 a prime number?
False
Is 13783457 composite?
False
Is 4981217 prime?
True
Is 36169843 prime?
True
Is 11346691 composite?
True
Is 11128517 a composite number?
False
Is 74075279 a prime number?
False
Is 1444103 a composite number?
False
Is 153320287 prime?
True
Is 4069519 prime?
False
Is 10608909 a composite number?
True
Is 169954643 prime?
False
Is 176150027 a composite number?
False
Is 11832761 prime?
False
Is 3358169 a composite number?
False
Is 3168161 prime?
False
Is 5749547 composite?
False
Is 4153297 a composite number?
True
Is 2220863 prime?
False
Is 18955138 composite?
True
Is 8572939 a prime number?
False
Is 286866703 composite?
True
Is 110389369 prime?
False
Is 314767 a composite number?
True
Is 10928738 prime?
False
Is 99527861 prime?
True
Is 43580731 composite?
False
Is 262610009 a composite number?
True
Is 3081889 a composite number?
True
Is 4611731 composite?
False
Is 24764849 a prime number?
True
Is 7959959 prime?
False
Is 109655701 composite?
False
Is 15157637 prime?
False
Is 2047495 prime?
False
Is 2183953 a composite number?
False
Is 581729189 composite?
True
Is 12093673 a prime number?
True
Is 101207831 composite?
False
Is 1847117 a composite number?
False
Is 39906115 prime?
False
Is 7911235 a composite number?
True
Is 151907159 a composite number?
False
Is 40972157 a prime number?
False
Is 2886743 a composite number?
False
Is 8200631 a prime number?
True
Is 9343001 a composite number?
False
Is 103362739 a composite number?
False
Is 166832363 a composite number?
True
Is 62413889 prime?
True
Is 224227999 a composite number?
False
Is 25135293 prime?
False
Is 1371797 composite?
True
Is 328804559 a composite number?
False
Is 163091 prime?
False
Is 20028101 a prime number?
False
Is 9420451 composite?
False
Is 98425489 a prime number?
True
Is 33702547 a composite number?
False
Is 74186769 a composite number?
True
Is 4872391 a composite number?
False
Is 253619913 composite?
True
Is 2092369 a composite number?
False
Is 15058027 composite?
True
Is 1442291 a prime number?
False
Is 43888517 composite?
False
Is 542230435 a prime number?
False
Is 5814373 prime?
False
Is 398339 composite?
False
Is 5655997 prime?
True
Is 8566399 a composite number?
False
Is 619217 prime?
False
Is 2724713 prime?
False
Is 3730607 composite?
False
Is 291809147 a composite number?
True
Is 22418897 composite?
True
Is 7223561 a composite number?
True
Is 23960063 composite?
False
Is 3119341 a prime number?
True
Is 21120485 composite?
True
Is 1036909 prime?
False
Is 13263751 prime?
False
Is 97287079 a prime number?
False
Is 58476181 a composite number?
True
Is 1764751 composite?
True
Is 271760855 a prime number?
False
Is 200359 a composite number?
True
Is 55927723 a prime number?
False
Is 12580531 composite?
True
Is 290203817 a prime number?
False
Is 4470539 composite?
False
Is 80130007 a composite number?
False
Is 445375741 a composite number?
True
Is 2477039 a prime number?
False
Is 671207 a composite number?
True
Is 82747 prime?
False
Is 469781987 a prime number?
True
Is 65920735 a composite number?
True
Is 5522771 a prime number?
False
Is 144190093 a composite number?
True
Is 147569693 a composite number?
False
Is 29803483 prime?
False
Is 8607449 prime?
True
Is 1114627 composite?
True
Is 14443201 composite?
False
Is 34215847 composite?
True
Is 2831417 prime?
True
Is 44351 a prime number?
True
Is 80986033 a prime number?
True
Is 41536699 a composite number?
True
Is 3334493 a composite number?
False
Is 12332459 prime?
True
Is 24555382 composite?
True
Is 25179797 prime?
True
Is 2099593 a prime number?
True
Is 21552313 a prime number?
False
Is 71826974 a prime number?
False
Is 1500731 prime?
True
Is 2921871 a prime number?
False
Is 222369263 prime?
True
Is 141863 a prime number?
True
Is 17274581 a composite number?
False
Is 39705067 composite?
True
Is 33619387 prime?
False
Is 1124027 a composite number?
False
Is 82920821 a prime number?
True
Is 279259139 composite?
True
Is 83591837 a prime number?
False
Is 216096619 prime?
True
Is 17822011 a prime number?
True
Is 2711677 a prime number?
False
Is 28175527 a prime number?
True
Is 35103893 composite?
True
Is 120320657 a composite number?
False
Is 90374737 a composite number?
True
Is 871771879 prime?
False
Is 6529763 a composite number?
False
Is 41981107 prime?
False
Is 148347481 composite?
True
Is 6309619 a composite number?
False
Is 444671 a prime number?
True
Is 2814541 a prime number?
True
Is 12358499 a prime number?
False
Is 2610409 prime?
False
Is 2893873 composite?
True
Is 289703321 a composite number?
False
Is 390857167 a prime number?
False
Is 23635653 a composite number?
True
Is 19742537 prime?
False
Is 200625611 prime?
True
Is 2323889 a prime 